-- https://www.phpmyadmin.net/
--
-- Servidor: localhost:3306
-- Tiempo de generación: 04-07-2025 a las 16:57:06
-- Versión del servidor: 10.11.11-MariaDB-cll-lve
-- Versión de PHP: 8.3.19

START TRANSACTION;



--
-- Base de datos: `cpl110345_planos`
--

-- --------------------------------------------------------

--
-- Estructura de tabla para la tabla `MUTUAL_DETALLE_DOMINIO`
--

CREATE TABLE `MUTUAL_DETALLE_DOMINIO` (
  `ID_MUTUAL_DETALLE_DOMINIO` int(11) NOT NULL,
  `ID_MUTUAL_DETALLE_PARTE` int(11) NOT NULL,
  `ID_MUTUAL_DOMINIO` int(11) NOT NULL,
  `NOTA_DOMINIO` int(1) NOT NULL
) ENGINE=InnoDB DEFAULT CHARSET=latin1 COLLATE=latin1_swedish_ci;

--
-- Volcado de datos para la tabla `MUTUAL_DETALLE_DOMINIO`
--

INSERT INTO `MUTUAL_DETALLE_DOMINIO` (`ID_MUTUAL_DETALLE_DOMINIO`, `ID_MUTUAL_DETALLE_PARTE`, `ID_MUTUAL_DOMINIO`, `NOTA_DOMINIO`) VALUES
(53, 24, 15, 0),
(54, 24, 16, 0),
(55, 25, 15, 0),
(56, 25, 16, 0),
(57, 26, 39, 0),
(58, 26, 40, 0),
(59, 27, 27, 0),
(60, 27, 28, 0),
(61, 27, 29, 0),
(62, 27, 30, 0),
(63, 28, 15, 0),
(64, 28, 16, 0);

-- --------------------------------------------------------

--
-- Estructura de tabla para la tabla `MUTUAL_DETALLE_EVALUACION_DIARIA`
--

CREATE TABLE `MUTUAL_DETALLE_EVALUACION_DIARIA` (
  `ID_DETALLE_DIARIA` int(11) NOT NULL,
  `ID_EVALUACION_DIARIA` int(11) NOT NULL,
  `ID_TRABAJADOR` int(11) NOT NULL,
  `OBSERVACION` varchar(500) CHARACTER SET utf8mb4 COLLATE utf8mb4_unicode_ci NOT NULL,
  `ASISTENCIA` int(1) NOT NULL,
  `FUERA_HORA` int(1) NOT NULL
) ENGINE=InnoDB DEFAULT CHARSET=latin1 COLLATE=latin1_swedish_ci;

--
-- Volcado de datos para la tabla `MUTUAL_DETALLE_EVALUACION_DIARIA`
--

INSERT INTO `MUTUAL_DETALLE_EVALUACION_DIARIA` (`ID_DETALLE_DIARIA`, `ID_EVALUACION_DIARIA`, `ID_TRABAJADOR`, `OBSERVACION`, `ASISTENCIA`, `FUERA_HORA`) VALUES
(68, 40, 4, '', 1, 0),
(69, 40, 5, '', 1, 0),
(70, 40, 6, '', 1, 1),
(71, 40, 7, '', 0, 0),
(72, 40, 8, '', 1, 1),
(73, 40, 9, '', 0, 0),
(74, 41, 1, '', 1, 1),
(75, 41, 2, '', 1, 0),
(76, 41, 3, '', 1, 1),
(77, 41, 10, '', 0, 0),
(78, 42, 1, '', 1, 1),
(79, 42, 2, '', 1, 0),
(80, 42, 3, '', 0, 0),
(81, 42, 10, '', 0, 0);

-- --------------------------------------------------------

--
-- Estructura de tabla para la tabla `MUTUAL_DETALLE_PARTE`
--

CREATE TABLE `MUTUAL_DETALLE_PARTE` (
  `ID_MUTUAL_DETALLE_PARTE` int(11) NOT NULL,
  `ID_EVALUACION` int(11) NOT NULL,
  `ID_MUTUAL_PARTE` int(11) NOT NULL,
  `NOTA_PARTE` int(11) DEFAULT NULL,
  `OBSERVACIONES` varchar(500) CHARACTER SET utf8mb4 COLLATE utf8mb4_unicode_ci NOT NULL
) ENGINE=InnoDB DEFAULT CHARSET=latin1 COLLATE=latin1_swedish_ci;

--
-- Volcado de datos para la tabla `MUTUAL_DETALLE_PARTE`
--

INSERT INTO `MUTUAL_DETALLE_PARTE` (`ID_MUTUAL_DETALLE_PARTE`, `ID_EVALUACION`, `ID_MUTUAL_PARTE`, `NOTA_PARTE`, `OBSERVACIONES`) VALUES
(24, 17, 1, 2, ''),
(25, 18, 1, 2, ''),
(26, 18, 7, 0, ''),
(27, 19, 4, 2, 'dgdfbdgfbd fdg fdg '),
(28, 20, 1, 2, '');

-- --------------------------------------------------------

--
-- Estructura de tabla para la tabla `MUTUAL_DOMINIO`
--

CREATE TABLE `MUTUAL_DOMINIO` (
  `ID_DOMINIO` int(11) NOT NULL,
  `ID_PARTE` int(11) NOT NULL,
  `NOMBRE_DOMINIO` varchar(500) CHARACTER SET utf8mb4 COLLATE utf8mb4_unicode_ci NOT NULL
) ENGINE=InnoDB DEFAULT CHARSET=latin1 COLLATE=latin1_swedish_ci;

--
-- Volcado de datos para la tabla `MUTUAL_DOMINIO`
--

INSERT INTO `MUTUAL_DOMINIO` (`ID_DOMINIO`, `ID_PARTE`, `NOMBRE_DOMINIO`) VALUES
(15, 1, 'Saluda'),
(16, 1, 'Interactúa con los trabajadores'),
(17, 2, 'Evalúa el cumplimiento en SST y explica las evaluaciones en rojo'),
(18, 2, 'Evalúa el cumplimiento en Calidad y Avance, y explica las evaluaciones en rojo.'),
(19, 2, 'Evalúa el cumplimiento de semana anterior cuando corresponda'),
(20, 2, 'Actualiza objetivo semanal los d?as lunes'),
(21, 2, 'Reconoce a quienes est?n en verde*'),
(22, 2, 'Coordina acciones para que los que est?n en rojo cumplan lo pedido*'),
(23, 3, 'Realiza las 4 preguntas'),
(24, 3, 'Logra que las respuestas salgan de los trabajadores'),
(25, 3, 'Genera un hilo conductor de las 4 resp con al menos un trabajador *'),
(26, 3, 'Direcciona las respuestas hacia riesgos mortales*'),
(27, 4, 'Hace la pregunta de \"?Qu? Falta?\"'),
(28, 4, 'Registra los pedidos en la pizarra'),
(29, 4, 'Define fecha para todos los pedidos'),
(30, 4, 'No mantiene pedidos atrasados*'),
(31, 5, 'Parte m?ximo a las 8:05 AM (1)'),
(32, 5, 'Parte puntual a las 8:00 AM (1)*'),
(33, 5, 'Obtiene un 80% de asistencia (sin justificados) (2)**'),
(34, 5, 'Obtiene un 100% de asistencia (sin justificados) (2)*'),
(35, 6, 'Duraci?n de m?s de 15 minutos y menos de 20 (3)'),
(36, 6, 'Duraci?n de m?ximo 15 minutos (3) * (con cumplimiento m?nimo de la pr?ctica)'),
(37, 7, 'Mantiene pizarra actualizada diariamente salvo # d?as sin accidentes y \"Total Pedidos y Solucionados'),
(38, 7, 'Mantiene pizarra actualizada diariamente incluyendo # d?as sin accidentes y \"Total Pedidos y Solucio'),
(39, 7, 'Borra pedidos completados*'),
(40, 7, 'Usa de forma correcta los colores verde y rojo*'),
(41, 7, 'Anota palabra \"Equipos\" en vez de \"Tareas\"*'),
(42, 7, 'Logra captar la atenci?n de al menos el 80% de su equipo (no hay distracciones o conversaciones entr');

-- --------------------------------------------------------

--
-- Estructura de tabla para la tabla `MUTUAL_EVALUACION`
--

CREATE TABLE `MUTUAL_EVALUACION` (
  `ID_EVALUACION` int(11) NOT NULL,
  `ID_USUARIO_MOV` int(11) NOT NULL,
  `ID_USUARIO` int(11) NOT NULL,
  `FECHA_EVALUACION` varchar(10) NOT NULL,
  `HORA_EVALUACION` varchar(5) NOT NULL,
  `PUNTOS_DESTACAR` varchar(500) CHARACTER SET utf8mb4 COLLATE utf8mb4_unicode_ci NOT NULL,
  `PUNTOS_MEJORAR` varchar(500) CHARACTER SET utf8mb4 COLLATE utf8mb4_unicode_ci NOT NULL,
  `ACCIDENTES` int(1) NOT NULL,
  `NOTA_FINAL` int(1) NOT NULL,
  `FOTO_PIZARRA` varchar(255) CHARACTER SET utf8mb4 COLLATE utf8mb4_unicode_ci NOT NULL
) ENGINE=InnoDB DEFAULT CHARSET=latin1 COLLATE=latin1_swedish_ci;

--
-- Volcado de datos para la tabla `MUTUAL_EVALUACION`
--

INSERT INTO `MUTUAL_EVALUACION` (`ID_EVALUACION`, `ID_USUARIO_MOV`, `ID_USUARIO`, `FECHA_EVALUACION`, `HORA_EVALUACION`, `PUNTOS_DESTACAR`, `PUNTOS_MEJORAR`, `ACCIDENTES`, `NOTA_FINAL`, `FOTO_PIZARRA`) VALUES
(17, 3, 4, '', '', '', '', 0, 2, ''),
(18, 3, 4, '', '', '', '', 2, 2, ''),
(19, 6, 5, '', '', '', '', 4, 2, ''),
(20, 1, 4, '', '', '', '', 0, 2, '');

-- --------------------------------------------------------

--
-- Estructura de tabla para la tabla `MUTUAL_EVALUACION_DIARIA`
--

CREATE TABLE `MUTUAL_EVALUACION_DIARIA` (
  `ID_EVALUACION_DIARIA` int(11) NOT NULL,
  `ID_USUARIO` int(11) NOT NULL,
  `FECHA` char(10) NOT NULL,
  `HORA` char(5) NOT NULL,
  `TOTAL_TRABAJADORES` int(11) NOT NULL,
  `TOTAL_ASISTENTES` int(11) NOT NULL,
  `OBSERVACIONES` varchar(500) CHARACTER SET utf8mb4 COLLATE utf8mb4_unicode_ci NOT NULL,
  `FOTO_PIZARRA` varchar(255) CHARACTER SET utf8mb4 COLLATE utf8mb4_unicode_ci NOT NULL,
  `FOTO_ADICIONAL` varchar(255) NOT NULL
) ENGINE=InnoDB DEFAULT CHARSET=latin1 COLLATE=latin1_swedish_ci;

--
-- Volcado de datos para la tabla `MUTUAL_EVALUACION_DIARIA`
--

INSERT INTO `MUTUAL_EVALUACION_DIARIA` (`ID_EVALUACION_DIARIA`, `ID_USUARIO`, `FECHA`, `HORA`, `TOTAL_TRABAJADORES`, `TOTAL_ASISTENTES`, `OBSERVACIONES`, `FOTO_PIZARRA`, `FOTO_ADICIONAL`) VALUES
(40, 5, '2025-07-04', '04:25', 6, 4, 'Ghjj hjjjfnh', '20250704_042550_ID40_pizarra.jpg', ''),
(41, 4, '2025-07-04', '10:58', 4, 3, 'Hola', '20250704_105938_ID41_pizarra.jpg', ''),
(42, 4, '2025-07-04', '11:01', 4, 2, 'Hola 1', '20250704_110156_ID42_pizarra.jpg', '');

-- --------------------------------------------------------

--
-- Estructura de tabla para la tabla `MUTUAL_PARTE`
--

CREATE TABLE `MUTUAL_PARTE` (
  `ID_PARTE` int(11) NOT NULL,
  `NOMBRE_PARTE` varchar(500) CHARACTER SET utf8mb4 COLLATE utf8mb4_unicode_ci NOT NULL
) ENGINE=InnoDB DEFAULT CHARSET=latin1 COLLATE=latin1_swedish_ci;

--
-- Volcado de datos para la tabla `MUTUAL_PARTE`
--

INSERT INTO `MUTUAL_PARTE` (`ID_PARTE`, `NOMBRE_PARTE`) VALUES
(1, 'Bienvenida'),
(2, 'Evaluar el cumplimiento del Plan de Avance del d?a anterior'),
(3, 'Análisis de Prevención'),
(4, 'Realizar Pedidos y establecer Compromisos espec?ficos'),
(5, 'Asistencia y puntualidad de la reuni?n'),
(6, 'Duraci?n de la reuni?n'),
(7, 'Uso de Pizarra');

-- --------------------------------------------------------

--
-- Estructura de tabla para la tabla `MUTUAL_TRABAJADORES`
--

CREATE TABLE `MUTUAL_TRABAJADORES` (
  `ID_TRABAJADOR` int(11) NOT NULL,
  `ID_USUARIO` int(11) NOT NULL,
  `NOMBRE_APELLIDO` varchar(255) NOT NULL,
  `CARGO` varchar(255) NOT NULL
) ENGINE=InnoDB DEFAULT CHARSET=latin1 COLLATE=latin1_swedish_ci;

--
-- Volcado de datos para la tabla `MUTUAL_TRABAJADORES`
--

INSERT INTO `MUTUAL_TRABAJADORES` (`ID_TRABAJADOR`, `ID_USUARIO`, `NOMBRE_APELLIDO`, `CARGO`) VALUES
(1, 4, 'JUAN FUENTES', 'ASISTENTE'),
(2, 4, 'PEDRO VARGAS PEREZ', 'ASISTENTE'),
(3, 4, 'LUIS MONTECINOS', 'AYUDANTE'),
(4, 5, 'RENATO LARRAIN', 'RECEPCIONISTA'),
(5, 5, 'AGUS VIAL VIAL', 'LABORATORIO'),
(6, 5, 'DIEGO FUENTES', 'ASISTENTE'),
(7, 5, 'MAGDALENA MIRANDA', 'DISEÑO'),
(8, 5, 'PAOLA ROMERO', 'ASISTENTE'),
(9, 5, 'FRANCISCO BULNES', 'BODEGA'),
(10, 4, 'PABLO BRIONES', 'PAÑOL'),
(11, 4, 'ALEXANDER PINTO', 'ASISTENTE'),
(12, 4, 'PRISCILLA BUSTOS', 'ASISTENTE'),
(13, 5, 'DIANA DONOSO', 'ASISTENTE'),
(14, 5, 'MATIAS CASTRO', 'AYUDANTE ELO'),
(15, 4, 'ALONSO BRAVO', 'AYUDANTE ELO'),
(16, 4, 'JUSTIN CORTEZ', 'AYUDANTE ELO'),
(17, 5, 'CARLOS CRISTENSEN', 'AYUDANTE ELO'),
(18, 5, 'IVANIA DOMACCIN', 'ELECTRICO'),
(19, 4, 'DANIELA  SEGURA', 'ELECTRICO'),
(20, 4, 'NICOL SOTO', 'ELECTRICO'),
(21, 4, 'VICENTE MALDONADO', 'SEGURIDAD'),
(22, 4, 'KARLA NAVARRO', 'SEGURIDAD'),
(23, 5, 'DOMINIQUE MORALES', 'PAÑOL'),
(24, 5, 'ALDANA SALINAS', 'PAÑOL'),
(25, 4, 'CATALINA LIZAMA', 'PAÑOL'),
(26, 4, 'NICOLE POBLETE', 'BODEGA'),
(27, 4, 'YERKO CHACANA', 'BODEGA'),
(28, 4, 'MARCO MUNOZ', 'BODEGA'),
(29, 5, 'SOLGREY ROJO', 'ADMINISTRATIVO'),
(30, 5, 'JACQUELINE RAMIREZ', 'ADMINISTRATIVO'),
(31, 4, 'MARCIA REYES', 'ADMINISTRATIVO'),
(32, 4, 'NICOLAS TIRADO', 'PAÑOL'),
(33, 4, 'ASHLIE MORALES', 'PAÑOL'),
(34, 4, 'PATRICIO MEDINA', 'BODEGA'),
(35, 5, 'JAVIER MUNOZ', 'BODEGA'),
(36, 5, 'TIARE POBLETE', 'BODEGA');

-- --------------------------------------------------------

--
-- Estructura de tabla para la tabla `MUTUAL_USUARIOS`
--

CREATE TABLE `MUTUAL_USUARIOS` (
  `ID_USUARIO` int(11) NOT NULL,
  `NOMBRE_APELLIDO` varchar(255) NOT NULL,
  `EMPRESA` varchar(50) NOT NULL,
  `CARGO` varchar(50) NOT NULL,
  `ID_USUARIO_MOV` int(11) NOT NULL,
  `UBICACION` varchar(50) NOT NULL,
  `TIPO` varchar(25) NOT NULL,
  `USUARIO_SIS` varchar(50) NOT NULL,
  `CLAVE_SIS` varchar(8) NOT NULL,
  `TIPO_USUARIO_SIS` int(1) NOT NULL
) ENGINE=InnoDB DEFAULT CHARSET=latin1 COLLATE=latin1_swedish_ci;

--
-- Volcado de datos para la tabla `MUTUAL_USUARIOS`
--

INSERT INTO `MUTUAL_USUARIOS` (`ID_USUARIO`, `NOMBRE_APELLIDO`, `EMPRESA`, `CARGO`, `ID_USUARIO_MOV`, `UBICACION`, `TIPO`, `USUARIO_SIS`, `CLAVE_SIS`, `TIPO_USUARIO_SIS`) VALUES
(1, 'SERGIO', 'LOGITIC', 'ADMIN', 0, 'CENTRAL', 'ADMIN', 'SB', '123', 0),
(3, 'SB_MOVILIZADOR', 'LOGITIC', 'MOVILIZADOR', 0, 'CENTRAL', 'MOV', 'M', '1', 2),
(4, 'SB_SUPERVISOR', 'LOGITIC', 'SUPERVISOR', 4, 'CENTRAL', 'SUPER', 'S', '1', 3),
(5, 'BP_SUPERVISOR2', 'LOGITIC', 'SUPERVISOR', 5, 'CENTRAL', 'SUPER', 'S2', '1', 3),
(6, 'AG_MOVILIZADOR', 'LOGITIC', 'MOVILIZADOR', 0, 'CENTRAL', 'MOV', 'A', '1', 2);

-- --------------------------------------------------------

--
-- Estructura de tabla para la tabla `PLANOS`
--

CREATE TABLE `PLANOS` (
  `CLAVE` varchar(255) NOT NULL,
  `FECHA` varchar(10) NOT NULL,
  `VERSION` int(2) NOT NULL,
  `NUM_PLA` varchar(8) NOT NULL,
  `CATEGORIA` varchar(2) NOT NULL,
  `ESPECIALIDAD` varchar(3) NOT NULL,
  `NOMBRE` varchar(500) CHARACTER SET utf8mb4 COLLATE utf8mb4_unicode_ci DEFAULT NULL,
  `DESCRIPCION` varchar(300) CHARACTER SET utf8mb4 COLLATE utf8mb4_unicode_ci NOT NULL,
  `ETAPA` varchar(50) NOT NULL,
  `VIGENTE` int(1) NOT NULL,
  `FICHAS` int(1) NOT NULL,
  `FICHA1` varchar(255) DEFAULT NULL,
  `FICHA2` varchar(255) DEFAULT NULL,
  `FICHA3` varchar(255) DEFAULT NULL,
  `FICHA4` varchar(255) DEFAULT NULL,
  `FICHA5` varchar(255) DEFAULT NULL
) ENGINE=InnoDB DEFAULT CHARSET=latin1 COLLATE=latin1_swedish_ci;

--
-- Volcado de datos para la tabla `PLANOS`
--

INSERT INTO `PLANOS` (`CLAVE`, `FECHA`, `VERSION`, `NUM_PLA`, `CATEGORIA`, `ESPECIALIDAD`, `NOMBRE`, `DESCRIPCION`, `ETAPA`, `VIGENTE`, `FICHAS`, `FICHA1`, `FICHA2`, `FICHA3`, `FICHA4`, `FICHA5`) VALUES
('040425CTARQDOC-001V6', '45751', 6, 'DOC-001', 'CT', 'ARQ', 'HT-B-ARQ-DOC-001 - Especificaciones Técnicas', 'Especificaciones Técnicas', 'PROYECTO APTO PARA CONSTRUCCIÓN', 1, 0, '', '', '', '', ''),
('040425PLARQA101V6', '45751', 6, 'A101', 'PL', 'ARQ', 'TEST_002_V1', 'PLANTA DEMOLICIÓN CONSTRUCCIÓN NIVEL 1', 'PROYECTO APTO PARA CONSTRUCCIÓN', 1, 0, '', '', '', '', ''),
('040425PLARQA102V6', '45751', 6, 'A102', 'PL', 'ARQ', 'TEST_002_V2', 'PLANTA DEMOLICIÓN CONSTRUCCIÓN NIVEL 2', 'PROYECTO APTO PARA CONSTRUCCIÓN', 1, 0, '', '', '', '', ''),
('040425PLARQA103V6', '45751', 6, 'A103', 'PL', 'ARQ', 'TEST_001_V1', 'PLANTA DEMOLICIÓN CONSTRUCCIÓN NIVEL 3', 'PROYECTO APTO PARA CONSTRUCCIÓN', 1, 0, '', '', '', '', ''),
('040425PLARQA104V6', '45751', 6, 'A104', 'PL', 'ARQ', 'HT-B-ARQ-000-A104 - PLANTA DEMOLICIÓN CONSTRUCCIÓN NIVEL 4', 'PLANTA DEMOLICIÓN CONSTRUCCIÓN NIVEL 4', 'PROYECTO APTO PARA CONSTRUCCIÓN', 1, 0, '', '', '', '', ''),
('040425PLARQA105V6', '45751', 6, 'A105', 'PL', 'ARQ', 'HT-B-ARQ-000-A105 - PLANTA DEMOLICIÓN CONSTRUCCIÓN NIVEL 5 Y 6', 'PLANTA DEMOLICIÓN CONSTRUCCIÓN NIVEL 5 Y 6', 'PROYECTO APTO PARA CONSTRUCCIÓN', 1, 0, '', '', '', '', ''),
('040425PLARQA201V6', '45751', 6, 'A201', 'PL', 'ARQ', 'HT-B-ARQ-000-A201 - PLANTA ARQUITECTURA NIVEL 1', 'PLANTA ARQUITECTURA NIVEL 1', 'PROYECTO APTO PARA CONSTRUCCIÓN', 1, 0, '', '', '', '', ''),
('040425PLARQA202V6', '45751', 6, 'A202', 'PL', 'ARQ', 'HT-B-ARQ-000-A202 - PLANTA ARQUITECTURA NIVEL 2', 'PLANTA ARQUITECTURA NIVEL 2', 'PROYECTO APTO PARA CONSTRUCCIÓN', 1, 0, '', '', '', '', ''),
('040425PLARQA203V6', '45751', 6, 'A203', 'PL', 'ARQ', 'HT-B-ARQ-000-A203 - PLANTA ARQUITECTURA NIVEL 3', 'PLANTA ARQUITECTURA NIVEL 3', 'PROYECTO APTO PARA CONSTRUCCIÓN', 1, 0, '', '', '', '', ''),
('040425PLARQA204V6', '45751', 6, 'A204', 'PL', 'ARQ', 'HT-B-ARQ-000-A204 - PLANTA ARQUITECTURA NIVEL 4', 'PLANTA ARQUITECTURA NIVEL 4', 'PROYECTO APTO PARA CONSTRUCCIÓN', 1, 0, '', '', '', '', ''),
('040425PLARQA205V6', '45751', 6, 'A205', 'PL', 'ARQ', 'HT-B-ARQ-000-A205 - PLANTA ARQUITECTURA NIVEL 5', 'PLANTA ARQUITECTURA NIVEL 5', 'PROYECTO APTO PARA CONSTRUCCIÓN', 1, 0, '', '', '', '', ''),
('040425PLARQA206V6', '45751', 6, 'A206', 'PL', 'ARQ', 'HT-B-ARQ-000-A206 - PLANTA ARQUITECTURA NIVEL 6 - PISO TÉCNICO', 'PLANTA ARQUITECTURA NIVEL 6 - PISO TÉCNICO', 'PROYECTO APTO PARA CONSTRUCCIÓN', 1, 0, '', '', '', '', ''),
('040425PLARQA211V6', '45751', 6, 'A211', 'PL', 'ARQ', 'HT-B-ARQ-000-A211 - CORTES GENERALES', 'CORTES GENERALES', 'PROYECTO APTO PARA CONSTRUCCIÓN', 1, 0, '', '', '', '', ''),
('040425PLARQA301V6', '45751', 6, 'A301', 'PL', 'ARQ', 'HT-B-ARQ-000-A301 - PLANTA PUERTAS Y VENTANAS NIVEL 1', 'PLANTA PUERTAS Y VENTANAS NIVEL 1', 'PROYECTO APTO PARA CONSTRUCCIÓN', 1, 0, '', '', '', '', ''),
('040425PLARQA302V6', '45751', 6, 'A302', 'PL', 'ARQ', 'HT-B-ARQ-000-A302 - PLANTA PUERTAS Y VENTANAS NIVEL 2', 'PLANTA PUERTAS Y VENTANAS NIVEL 2', 'PROYECTO APTO PARA CONSTRUCCIÓN', 1, 0, '', '', '', '', ''),
('040425PLARQA303V6', '45751', 6, 'A303', 'PL', 'ARQ', 'HT-B-ARQ-000-A303 - PLANTA PUERTAS Y VENTANAS NIVEL 3', 'PLANTA PUERTAS Y VENTANAS NIVEL 3', 'PROYECTO APTO PARA CONSTRUCCIÓN', 1, 0, '', '', '', '', ''),
('040425PLARQA304V6', '45751', 6, 'A304', 'PL', 'ARQ', 'HT-B-ARQ-000-A304 - PLANTA PUERTAS Y VENTANAS NIVEL 4', 'PLANTA PUERTAS Y VENTANAS NIVEL 4', 'PROYECTO APTO PARA CONSTRUCCIÓN', 1, 0, '', '', '', '', ''),
('040425PLARQA305V6', '45751', 6, 'A305', 'PL', 'ARQ', 'HT-B-ARQ-000-A305 - PLANTA PUERTAS Y VENTANAS NIVEL 5 Y 6', 'PLANTA PUERTAS Y VENTANAS NIVEL 5 Y 6', 'PROYECTO APTO PARA CONSTRUCCIÓN', 1, 0, '', '', '', '', ''),
('040425PLARQA311V6', '45751', 6, 'A311', 'PL', 'ARQ', 'HT-B-ARQ-000-A311 - PLANTA CIELO REFLEJADO NIVEL 1', 'PLANTA CIELO REFLEJADO NIVEL 1', 'PROYECTO APTO PARA CONSTRUCCIÓN', 1, 0, '', '', '', '', ''),
('040425PLARQA312V6', '45751', 6, 'A312', 'PL', 'ARQ', 'HT-B-ARQ-000-A312 - PLANTA CIELO REFLEJADO NIVEL 2', 'PLANTA CIELO REFLEJADO NIVEL 2', 'PROYECTO APTO PARA CONSTRUCCIÓN', 1, 0, '', '', '', '', ''),
('040425PLARQA315V6', '45751', 6, 'A315', 'PL', 'ARQ', 'HT-B-ARQ-000-A315 - PLANTA CIELO REFLEJADO NIVEL 5 y 6', 'PLANTA CIELO REFLEJADO NIVEL 5 y 6', 'PROYECTO APTO PARA CONSTRUCCIÓN', 1, 0, '', '', '', '', ''),
('040425PLARQA331V6', '45751', 6, 'A331', 'PL', 'ARQ', 'HT-B-ARQ-000-A331 - PLANTA TABIQUES NIVEL 1', 'PLANTA TABIQUES NIVEL 1', 'PROYECTO APTO PARA CONSTRUCCIÓN', 1, 0, '', '', '', '', ''),
('040425PLARQA332V6', '45751', 6, 'A332', 'PL', 'ARQ', 'HT-B-ARQ-000-A332 - PLANTA TABIQUES NIVEL 2', 'PLANTA TABIQUES NIVEL 2', 'PROYECTO APTO PARA CONSTRUCCIÓN', 1, 0, '', '', '', '', ''),
('040425PLARQA333V6', '45751', 6, 'A333', 'PL', 'ARQ', 'HT-B-ARQ-000-A333 - PLANTA TABIQUES NIVEL 3', 'PLANTA TABIQUES NIVEL 3', 'PROYECTO APTO PARA CONSTRUCCIÓN', 1, 0, '', '', '', '', ''),
('040425PLARQA334V6', '45751', 6, 'A334', 'PL', 'ARQ', 'HT-B-ARQ-000-A334 - PLANTA TABIQUES NIVEL 4', 'PLANTA TABIQUES NIVEL 4', 'PROYECTO APTO PARA CONSTRUCCIÓN', 1, 0, '', '', '', '', ''),
('040425PLARQA335V6', '45751', 6, 'A335', 'PL', 'ARQ', 'HT-B-ARQ-000-A335 - PLANTA TABIQUES NIVEL 5 Y 6', 'PLANTA TABIQUES NIVEL 5 Y 6', 'PROYECTO APTO PARA CONSTRUCCIÓN', 1, 0, '', '', '', '', ''),
('040425PLARQA341V6', '45751', 6, 'A341', 'PL', 'ARQ', 'HT-B-ARQ-000-A341 - PLANTA TERMINACIONES NIVEL 1', 'PLANTA TERMINACIONES NIVEL 1', 'PROYECTO APTO PARA CONSTRUCCIÓN', 1, 0, '', '', '', '', ''),
('040425PLARQA342V6', '45751', 6, 'A342', 'PL', 'ARQ', 'HT-B-ARQ-000-A342 - PLANTA TERMINACIONES NIVEL 2', 'PLANTA TERMINACIONES NIVEL 2', 'PROYECTO APTO PARA CONSTRUCCIÓN', 1, 0, '', '', '', '', ''),
('040425PLARQA343V6', '45751', 6, 'A343', 'PL', 'ARQ', 'HT-B-ARQ-000-A343 - PLANTA TERMINACIONES NIVEL 3', 'PLANTA TERMINACIONES NIVEL 3', 'PROYECTO APTO PARA CONSTRUCCIÓN', 1, 0, '', '', '', '', ''),
('040425PLARQA344V6', '45751', 6, 'A344', 'PL', 'ARQ', 'HT-B-ARQ-000-A344 - PLANTA TERMINACIONES NIVEL 4', 'PLANTA TERMINACIONES NIVEL 4', 'PROYECTO APTO PARA CONSTRUCCIÓN', 1, 0, '', '', '', '', ''),
('040425PLARQA345V6', '45751', 6, 'A345', 'PL', 'ARQ', 'HT-B-ARQ-000-A345 - PLANTA TERMINACIONES NIVEL 5 Y 6', 'PLANTA TERMINACIONES NIVEL 5 Y 6', 'PROYECTO APTO PARA CONSTRUCCIÓN', 1, 0, '', '', '', '', ''),
('040425PLARQA351V6', '45751', 6, 'A351', 'PL', 'ARQ', 'HT-B-ARQ-000-A351 - PLANTA IMPERMEABILIZACIÓN NIVEL 1', 'PLANTA IMPERMEABILIZACIÓN NIVEL 1', 'PROYECTO APTO PARA CONSTRUCCIÓN', 1, 0, '', '', '', '', ''),
('040425PLARQA352V6', '45751', 6, 'A352', 'PL', 'ARQ', 'HT-B-ARQ-000-A352 - PLANTA IMPERMEABILIZACIÓN NIVEL 2', 'PLANTA IMPERMEABILIZACIÓN NIVEL 2', 'PROYECTO APTO PARA CONSTRUCCIÓN', 1, 0, '', '', '', '', ''),
('040425PLARQA353V6', '45751', 6, 'A353', 'PL', 'ARQ', 'HT-B-ARQ-000-A353 - PLANTA IMPERMEABILIZACIÓN NIVEL 3', 'PLANTA IMPERMEABILIZACIÓN NIVEL 3', 'PROYECTO APTO PARA CONSTRUCCIÓN', 1, 0, '', '', '', '', ''),
('040425PLARQA354V6', '45751', 6, 'A354', 'PL', 'ARQ', 'HT-B-ARQ-000-A354 - PLANTA IMPERMEABILIZACIÓN NIVEL 4', 'PLANTA IMPERMEABILIZACIÓN NIVEL 4', 'PROYECTO APTO PARA CONSTRUCCIÓN', 1, 0, '', '', '', '', ''),
('040425PLARQA355V6', '45751', 6, 'A355', 'PL', 'ARQ', 'HT-B-ARQ-000-A355 - PLANTA IMPERMEABILIZACIÓN NIVEL 5 Y 6', 'PLANTA IMPERMEABILIZACIÓN NIVEL 5 Y 6', 'PROYECTO APTO PARA CONSTRUCCIÓN', 1, 0, '', '', '', '', ''),
('040425PLARQA361V6', '45751', 6, 'A361', 'PL', 'ARQ', 'HT-B-ARQ-000-A361 - PLANTA PASARELAS CUBIERTA Y DETALLES', 'PLANTA PASARELAS CUBIERTA Y DETALLES', 'PROYECTO APTO PARA CONSTRUCCIÓN', 1, 0, '', '', '', '', ''),
('040425PLARQA371V6', '45751', 6, 'A371', 'PL', 'ARQ', 'HT-B-ARQ-000-A371 - PLANTAS SECTOR FARMACIA', 'PLANTAS SECTOR FARMACIA', 'PROYECTO APTO PARA CONSTRUCCIÓN', 1, 0, '', '', '', '', ''),
('040425PLARQA401V6', '45751', 6, 'A401', 'PL', 'ARQ', 'HT-B-ARQ-000-A401 - PLANTA MOBILIARIO DE LÍNEA - NIVEL 1', 'PLANTA MOBILIARIO DE LÍNEA - NIVEL 1', 'PROYECTO APTO PARA CONSTRUCCIÓN', 1, 0, '', '', '', '', ''),
('040425PLARQA402V6', '45751', 6, 'A402', 'PL', 'ARQ', 'HT-B-ARQ-000-A402 - PLANTA MOBILIARIO DE LÍNEA - NIVEL 2', 'PLANTA MOBILIARIO DE LÍNEA - NIVEL 2', 'PROYECTO APTO PARA CONSTRUCCIÓN', 1, 0, '', '', '', '', ''),
('040425PLARQA403V6', '45751', 6, 'A403', 'PL', 'ARQ', 'HT-B-ARQ-000-A403 - PLANTA MOBILIARIO DE LÍNEA - NIVEL 3', 'PLANTA MOBILIARIO DE LÍNEA - NIVEL 3', 'PROYECTO APTO PARA CONSTRUCCIÓN', 1, 0, '', '', '', '', ''),
('040425PLARQA404V6', '45751', 6, 'A404', 'PL', 'ARQ', 'HT-B-ARQ-000-A404 - PLANTA MOBILIARIO DE LÍNEA - NIVEL 4', 'PLANTA MOBILIARIO DE LÍNEA - NIVEL 4', 'PROYECTO APTO PARA CONSTRUCCIÓN', 1, 0, '', '', '', '', ''),
('040425PLARQA405V6', '45751', 6, 'A405', 'PL', 'ARQ', 'HT-B-ARQ-000-A405 - PLANTA MOBILIARIO DE LÍNEA - NIVEL 5', 'PLANTA MOBILIARIO DE LÍNEA - NIVEL 5', 'PROYECTO APTO PARA CONSTRUCCIÓN', 1, 0, '', '', '', '', ''),
('040425PLARQA411V6', '45751', 6, 'A411', 'PL', 'ARQ', 'HT-B-ARQ-000-A411 - PLANTA MOBILIARIO DE OBRA - NIVEL 1', 'PLANTA MOBILIARIO DE OBRA - NIVEL 1', 'PROYECTO APTO PARA CONSTRUCCIÓN', 1, 0, '', '', '', '', ''),
('040425PLARQA412V6', '45751', 6, 'A412', 'PL', 'ARQ', 'HT-B-ARQ-000-A412 - PLANTA MOBILIARIO DE OBRA - NIVEL 2', 'PLANTA MOBILIARIO DE OBRA - NIVEL 2', 'PROYECTO APTO PARA CONSTRUCCIÓN', 1, 0, '', '', '', '', ''),
('040425PLARQA413V6', '45751', 6, 'A413', 'PL', 'ARQ', 'HT-B-ARQ-000-A413 - PLANTA MOBILIARIO DE OBRA - NIVEL 3', 'PLANTA MOBILIARIO DE OBRA - NIVEL 3', 'PROYECTO APTO PARA CONSTRUCCIÓN', 1, 0, '', '', '', '', ''),
('040425PLARQA414V6', '45751', 6, 'A414', 'PL', 'ARQ', 'HT-B-ARQ-000-A414 - PLANTA MOBILIARIO DE OBRA - NIVEL 4', 'PLANTA MOBILIARIO DE OBRA - NIVEL 4', 'PROYECTO APTO PARA CONSTRUCCIÓN', 1, 0, '', '', '', '', ''),
('040425PLARQA415V6', '45751', 6, 'A415', 'PL', 'ARQ', 'HT-B-ARQ-000-A415 - PLANTA MOBILIARIO DE OBRA - NIVEL 5', 'PLANTA MOBILIARIO DE OBRA - NIVEL 5', 'PROYECTO APTO PARA CONSTRUCCIÓN', 1, 0, '', '', '', '', ''),
('040425PLARQA421V6', '45751', 6, 'A421', 'PL', 'ARQ', 'HT-B-ARQ-000-A421 - PLANTA ARTEFACTOS SANITARIOS - NIVEL 1', 'PLANTA ARTEFACTOS SANITARIOS - NIVEL 1', 'PROYECTO APTO PARA CONSTRUCCIÓN', 1, 0, '', '', '', '', ''),
('040425PLARQA422V6', '45751', 6, 'A422', 'PL', 'ARQ', 'HT-B-ARQ-000-A422 - PLANTA ARTEFACTOS SANITARIOS - NIVEL 2', 'PLANTA ARTEFACTOS SANITARIOS - NIVEL 2', 'PROYECTO APTO PARA CONSTRUCCIÓN', 1, 0, '', '', '', '', ''),
('040425PLARQA423V6', '45751', 6, 'A423', 'PL', 'ARQ', 'HT-B-ARQ-000-A423 - PLANTA ARTEFACTOS SANITARIOS - NIVEL 3', 'PLANTA ARTEFACTOS SANITARIOS - NIVEL 3', 'PROYECTO APTO PARA CONSTRUCCIÓN', 1, 0, '', '', '', '', ''),
('040425PLARQA424V6', '45751', 6, 'A424', 'PL', 'ARQ', 'HT-B-ARQ-000-A424 - PLANTA ARTEFACTOS SANITARIOS - NIVEL 4', 'PLANTA ARTEFACTOS SANITARIOS - NIVEL 4', 'PROYECTO APTO PARA CONSTRUCCIÓN', 1, 0, '', '', '', '', ''),
('040425PLARQA425V6', '45751', 6, 'A425', 'PL', 'ARQ', 'HT-B-ARQ-000-A425 - PLANTA ARTEFACTOS SANITARIOS - NIVEL 5', 'PLANTA ARTEFACTOS SANITARIOS - NIVEL 5', 'PROYECTO APTO PARA CONSTRUCCIÓN', 1, 0, '', '', '', '', ''),
('040425PLARQA431V6', '45751', 6, 'A431', 'PL', 'ARQ', 'HT-B-ARQ-000-A431 - PLANTAS SECTOR FARMACIA', 'PLANTAS SECTOR FARMACIA', 'PROYECTO APTO PARA CONSTRUCCIÓN', 1, 0, '', '', '', '', ''),
('040425PLARQA501V6', '45751', 6, 'A501', 'PL', 'ARQ', 'HT-B-ARQ-000-A501 - DETALLE PUERTAS Y VENTANAS', 'DETALLE PUERTAS Y VENTANAS', 'PROYECTO APTO PARA CONSTRUCCIÓN', 1, 0, '', '', '', '', ''),
('040425PLARQA502V6', '45751', 6, 'A502', 'PL', 'ARQ', 'HT-B-ARQ-000-A502 - DETALLE TABIQUES VIDRIADOS', 'DETALLE TABIQUES VIDRIADOS', 'PROYECTO APTO PARA CONSTRUCCIÓN', 1, 0, '', '', '', '', ''),
('040425PLARQA503V6', '45751', 6, 'A503', 'PL', 'ARQ', 'HT-B-ARQ-000-A503 - DETALLE BAÑOS', 'DETALLE BAÑOS', 'PROYECTO APTO PARA CONSTRUCCIÓN', 1, 0, '', '', '', '', ''),
('040425PLARQA504V6', '45751', 6, 'A504', 'PL', 'ARQ', 'HT-B-ARQ-000-A504 - DETALLE SALAS DE ASEO, SALAS DE ACOPIO Y DUCHOTERAPIA', 'DETALLE SALAS DE ASEO, SALAS DE ACOPIO Y DUCHOTERAPIA', 'PROYECTO APTO PARA CONSTRUCCIÓN', 1, 0, '', '', '', '', ''),
('040425PLARQA601-1V6', '45751', 6, 'A601-1', 'PL', 'ARQ', 'HT-B-ARQ-000-A601-1 - DETALLE TIPOS DE TABIQUE', 'DETALLE TIPOS DE TABIQUE', 'PROYECTO APTO PARA CONSTRUCCIÓN', 1, 0, '', '', '', '', ''),
('040425PLARQA601-2V6', '45751', 6, 'A601-2', 'PL', 'ARQ', 'HT-B-ARQ-000-A601-2 - DETALLE TIPOS DE TABIQUE Y DETALLES GENERALES DE TABIQUES', 'DETALLE TIPOS DE TABIQUE Y DETALLES GENERALES DE TABIQUES', 'PROYECTO APTO PARA CONSTRUCCIÓN', 1, 0, '', '', '', '', ''),
('040425PLARQA602V6', '45751', 6, 'A602', 'PL', 'ARQ', 'HT-B-ARQ-000-A602 - DETALLE DE CIELOS', 'DETALLE DE CIELOS', 'PROYECTO APTO PARA CONSTRUCCIÓN', 1, 0, '', '', '', '', ''),
('040425PLARQA603-1V6', '45751', 6, 'A603-1', 'PL', 'ARQ', 'HT-B-ARQ-000-A603-1 - DETALLES GENERALES INTERIORES', 'DETALLES GENERALES INTERIORES', 'PROYECTO APTO PARA CONSTRUCCIÓN', 1, 0, '', '', '', '', ''),
('040425PLARQA603-2V6', '45751', 6, 'A603-2', 'PL', 'ARQ', 'HT-B-ARQ-000-A603-2 - DETALLES GENERALES INTERIORES', 'DETALLES GENERALES INTERIORES', 'PROYECTO APTO PARA CONSTRUCCIÓN', 1, 0, '', '', '', '', ''),
('040425PLARQA701-1V6', '45751', 6, 'A701-1', 'PL', 'ARQ', 'HT-B-ARQ-000-A701-1 - DETALLE SALA DE PROCEDIMIENTOS TIPO A', 'DETALLE SALA DE PROCEDIMIENTOS TIPO A', 'PROYECTO APTO PARA CONSTRUCCIÓN', 1, 0, '', '', '', '', ''),
('040425PLARQA701-2V6', '45751', 6, 'A701-2', 'PL', 'ARQ', 'HT-B-ARQ-000-A701-2 - DETALLE SALA DE PROCEDIMIENTOS TIPO B', 'DETALLE SALA DE PROCEDIMIENTOS TIPO B', 'PROYECTO APTO PARA CONSTRUCCIÓN', 1, 0, '', '', '', '', ''),
('040425PLARQA701-3V6', '45751', 6, 'A701-3', 'PL', 'ARQ', 'HT-B-ARQ-000-A701-3 - DETALLE SALA DE PROCEDIMIENTOS TIPO C Y CONSULTA MÉDICA TIPO A', 'DETALLE SALA DE PROCEDIMIENTOS TIPO C Y CONSULTA MÉDICA TIPO A', 'PROYECTO APTO PARA CONSTRUCCIÓN', 1, 0, '', '', '', '', ''),
('040425PLARQA701-4V6', '45751', 6, 'A701-4', 'PL', 'ARQ', 'HT-B-ARQ-000-A701-4 - DETALLE CONSULTAS MÉDICAS TIPO B', 'DETALLE CONSULTAS MÉDICAS TIPO B', 'PROYECTO APTO PARA CONSTRUCCIÓN', 1, 0, '', '', '', '', ''),
('040425PLARQA701-5V6', '45751', 6, 'A701-5', 'PL', 'ARQ', 'HT-B-ARQ-000-A701-5 - DETALLE SALA DE COMPUTACIÓN Y CCDD', 'DETALLE SALA DE COMPUTACIÓN Y CCDD', 'PROYECTO APTO PARA CONSTRUCCIÓN', 1, 0, '', '', '', '', ''),
('040425PLARQA801V6', '45751', 6, 'A801', 'PL', 'ARQ', 'HT-B-ARQ-000-A801 - PLANTA TRAZADO EQUIPOS NIVEL 1', 'PLANTA TRAZADO EQUIPOS NIVEL 1', 'PROYECTO APTO PARA CONSTRUCCIÓN', 1, 0, '', '', '', '', ''),
('040425PLARQA802V6', '45751', 6, 'A802', 'PL', 'ARQ', 'HT-B-ARQ-000-A802 - PLANTA TRAZADO EQUIPOS NIVEL 2', 'PLANTA TRAZADO EQUIPOS NIVEL 2', 'PROYECTO APTO PARA CONSTRUCCIÓN', 1, 0, '', '', '', '', ''),
('040425PLARQA803V6', '45751', 6, 'A803', 'PL', 'ARQ', 'HT-B-ARQ-000-A803 - PLANTA TRAZADO EQUIPOS NIVEL 3', 'PLANTA TRAZADO EQUIPOS NIVEL 3', 'PROYECTO APTO PARA CONSTRUCCIÓN', 1, 0, '', '', '', '', ''),
('040425PLARQA804V6', '45751', 6, 'A804', 'PL', 'ARQ', 'HT-B-ARQ-000-A804 - PLANTA TRAZADO EQUIPOS NIVEL 4', 'PLANTA TRAZADO EQUIPOS NIVEL 4', 'PROYECTO APTO PARA CONSTRUCCIÓN', 1, 0, '', '', '', '', ''),
('040425PLARQA805V6', '45751', 6, 'A805', 'PL', 'ARQ', 'HT-B-ARQ-000-A805 - PLANTA TRAZADO EQUIPOS NIVEL 5 Y 6', 'PLANTA TRAZADO EQUIPOS NIVEL 5 Y 6', 'PROYECTO APTO PARA CONSTRUCCIÓN', 1, 0, '', '', '', '', ''),
('290525PLARQA313V7', '45806', 7, 'A313', 'PL', 'ARQ', 'HT-B-ARQ-000-A313 - PLANTA CIELO REFLEJADO NIVEL 3', 'PLANTA CIELO REFLEJADO NIVEL 3', 'PROYECTO APTO PARA CONSTRUCCIÓN', 1, 0, '', '', '', '', ''),
('290525PLARQA314V7', '45806', 7, 'A314', 'PL', 'ARQ', 'HT-B-ARQ-000-A314 - PLANTA CIELO REFLEJADO NIVEL 4', 'PLANTA CIELO REFLEJADO NIVEL 4', 'PROYECTO APTO PARA CONSTRUCCIÓN', 1, 0, '', '', '', '', '');

-- --------------------------------------------------------

--
-- Estructura de tabla para la tabla `PLANOS_ENTREGA_DTL`
--

CREATE TABLE `PLANOS_ENTREGA_DTL` (
  `ID_ENTREGA_DETALLE` int(11) NOT NULL,
  `ID_ENTREGA` int(11) NOT NULL,
  `CLAVE` varchar(255) NOT NULL,
  `NOMBRE_PLANO` varchar(255) DEFAULT NULL,
  `OBSERVACION` varchar(255) DEFAULT NULL,
  `ENTREGA_ANTERIOR` varchar(3) NOT NULL
) ENGINE=InnoDB DEFAULT CHARSET=latin1 COLLATE=latin1_swedish_ci;

-- --------------------------------------------------------

--
-- Estructura de tabla para la tabla `PLANOS_ENTREGA_HDR`
--

CREATE TABLE `PLANOS_ENTREGA_HDR` (
  `ID_ENTREGA` int(11) NOT NULL,
  `FECHA` varchar(10) DEFAULT NULL,
  `FOLIO_USUARIO_ENTREGA` varchar(4) NOT NULL,
  `NOMBRE_USUARIO_ENTREGA` varchar(255) DEFAULT NULL,
  `FOLIO_USUARIO_RECIBE` varchar(4) NOT NULL,
  `NOMBRE_USUARIO_RECIBE` varchar(255) DEFAULT NULL,
  `ESTADO` varchar(20) DEFAULT NULL
) ENGINE=InnoDB DEFAULT CHARSET=latin1 COLLATE=latin1_swedish_ci;

-- --------------------------------------------------------

--
-- Estructura de tabla para la tabla `PLANOS_TRAZA`
--

CREATE TABLE `PLANOS_TRAZA` (
  `FECHA_HORA` varchar(16) NOT NULL,
  `TIPO_EVENTO` varchar(20) NOT NULL,
  `USUARIO` varchar(50) NOT NULL,
  `DESCRIPCION` varchar(255) NOT NULL
) ENGINE=InnoDB DEFAULT CHARSET=latin1 COLLATE=latin1_swedish_ci;

--
-- Volcado de datos para la tabla `PLANOS_TRAZA`
--

INSERT INTO `PLANOS_TRAZA` (`FECHA_HORA`, `TIPO_EVENTO`, `USUARIO`, `DESCRIPCION`) VALUES
('2025-05-06 21:44', 'registro', 'SBravo', 'Insertó plano con clave: AERA, tipo: Eléctrico, fecha: 27/05/2025, editor: serg, modificación: adasdad, vigente: 1, archivo: planosfile/1746567860-QR Ejemplos.pdf'),
('2025-05-06 18:51', 'registro', 'SBravo', 'Insertó plano con clave: fdasdsa, tipo: Eléctrico, fecha: 30/05/2025, editor: adfsd, modificación: fdsfsdsdf, vigente: 1, archivo: '),
('2025-05-06 17:54', 'registro', 'SBravo', 'Insertó plano con clave: sadad, tipo: Eléctrico, fecha: 06/06/2025, editor: dasdad, modificación: asdasdd, vigente: 1, archivo: ');

-- --------------------------------------------------------

--
-- Estructura de tabla para la tabla `REGISTRO_ACTIVIDAD`
--

CREATE TABLE `REGISTRO_ACTIVIDAD` (
  `ID` int(11) NOT NULL,
  `LECTURA` varchar(500) NOT NULL
) ENGINE=InnoDB DEFAULT CHARSET=latin1 COLLATE=latin1_swedish_ci;

--
-- Volcado de datos para la tabla `REGISTRO_ACTIVIDAD`
--

INSERT INTO `REGISTRO_ACTIVIDAD` (`ID`, `LECTURA`) VALUES
(716, '10885211-4\r\n'),
(717, '10885211-4\r\n'),
(718, '10885211-4\r\n'),
(719, '10885211-4\r\n10885211-4\r\n'),
(720, '10885211-4\r\n'),
(721, '10885211-4\r\n'),
(722, '10885211-4\r\n'),
(723, '10885211-4\r\n10885211-4\r\n'),
(724, '10885211-4\r\n'),
(725, '10885211-4\r\n'),
(726, '10885211-4\r\n'),
(727, '10885211-4\r\n'),
(728, '15AAB\r\n'),
(729, 'LP087\r\n'),
(730, '15AAB\r\n'),
(731, '10885211-4\r\n'),
(732, '15AAB\r\n'),
(733, 'ISDQ02920\r\n'),
(734, 'ISDQ02920\r\n'),
(735, 'ISDQ02920\r\n'),
(736, 'ISDQ02920\r\n'),
(737, 'ISDQ02920\r\n'),
(738, 'ISDQ02920\r\n'),
(739, 'ISDQ02920\r\n'),
(740, 'ISDQ02920\r\nISDQ02920\r\n'),
(741, 'ISDQ02920\r\n'),
(742, 'ISDQ02920\r\n'),
(743, 'ISDQ02920\r\n'),
(744, 'ISDQ02920\r\n'),
(745, 'ISDQ02920\r\nISDQ02920\r\n'),
(746, 'ISDQ02920\r\n'),
(747, 'ISDQ02920\r\nISDQ02920\r\n'),
(748, 'ISDQ02920\r\nISDQ02920\r\n'),
(749, '21475250-6\r\n'),
(750, 'NHMG24247\r\n'),
(751, 'NHMG24247\r\n'),
(752, 'NHMG24247\r\n'),
(753, 'NHMG24247\r\n'),
(754, 'NHMG24247\r\n'),
(755, 'NHMG24247\r\n');

--
-- Índices para tablas volcadas
--

--
-- Indices de la tabla `MUTUAL_DETALLE_DOMINIO`
--
ALTER TABLE `MUTUAL_DETALLE_DOMINIO`
  ADD PRIMARY KEY (`ID_MUTUAL_DETALLE_DOMINIO`),
  ADD KEY `ID_MUTUAL_DETALLE_PARTE` (`ID_MUTUAL_DETALLE_PARTE`),
  ADD KEY `ID_MUTUAL_DOMINIO` (`ID_MUTUAL_DOMINIO`);

--
-- Indices de la tabla `MUTUAL_DETALLE_EVALUACION_DIARIA`
--
ALTER TABLE `MUTUAL_DETALLE_EVALUACION_DIARIA`
  ADD PRIMARY KEY (`ID_DETALLE_DIARIA`),
  ADD KEY `ID_EVALUACION_DIARIA` (`ID_EVALUACION_DIARIA`) USING BTREE;

--
-- Indices de la tabla `MUTUAL_DETALLE_PARTE`
--
ALTER TABLE `MUTUAL_DETALLE_PARTE`
  ADD PRIMARY KEY (`ID_MUTUAL_DETALLE_PARTE`),
  ADD KEY `ID_EVALUACION` (`ID_EVALUACION`),
  ADD KEY `ID_MUTUAL_PARTE` (`ID_MUTUAL_PARTE`);

--
-- Indices de la tabla `MUTUAL_DOMINIO`
--
ALTER TABLE `MUTUAL_DOMINIO`
  ADD PRIMARY KEY (`ID_DOMINIO`),
  ADD KEY `ID_MUTUAL_PARTE` (`ID_PARTE`);

--
-- Indices de la tabla `MUTUAL_EVALUACION`
--
ALTER TABLE `MUTUAL_EVALUACION`
  ADD PRIMARY KEY (`ID_EVALUACION`),
  ADD KEY `ID_USUARIO` (`ID_USUARIO`),
  ADD KEY `ID_USUARIO_MOV` (`ID_USUARIO_MOV`) USING BTREE;

--
-- Indices de la tabla `MUTUAL_EVALUACION_DIARIA`
--
ALTER TABLE `MUTUAL_EVALUACION_DIARIA`
  ADD PRIMARY KEY (`ID_EVALUACION_DIARIA`),
  ADD KEY `ID_USUARIO` (`ID_USUARIO`) USING BTREE;

--
-- Indices de la tabla `MUTUAL_PARTE`
--
ALTER TABLE `MUTUAL_PARTE`
  ADD PRIMARY KEY (`ID_PARTE`);

--
-- Indices de la tabla `MUTUAL_TRABAJADORES`
--
ALTER TABLE `MUTUAL_TRABAJADORES`
  ADD PRIMARY KEY (`ID_TRABAJADOR`),
  ADD KEY `ID_USUARIO` (`ID_USUARIO`);

--
-- Indices de la tabla `MUTUAL_USUARIOS`
--
ALTER TABLE `MUTUAL_USUARIOS`
  ADD PRIMARY KEY (`ID_USUARIO`);

--
-- Indices de la tabla `PLANOS`
--
ALTER TABLE `PLANOS`
  ADD PRIMARY KEY (`CLAVE`);

--
-- Indices de la tabla `PLANOS_ENTREGA_DTL`
--
ALTER TABLE `PLANOS_ENTREGA_DTL`
  ADD PRIMARY KEY (`ID_ENTREGA_DETALLE`),
  ADD KEY `ID_ENTREGA` (`ID_ENTREGA`),
  ADD KEY `CLAVE` (`CLAVE`);

--
-- Indices de la tabla `PLANOS_ENTREGA_HDR`
--
ALTER TABLE `PLANOS_ENTREGA_HDR`
  ADD PRIMARY KEY (`ID_ENTREGA`),
  ADD KEY `FOLIO_USUARIO_ENTREGA` (`FOLIO_USUARIO_ENTREGA`),
  ADD KEY `FOLIO_USUARIO_RECIBE` (`FOLIO_USUARIO_RECIBE`);

--
-- Indices de la tabla `REGISTRO_ACTIVIDAD`
--
ALTER TABLE `REGISTRO_ACTIVIDAD`
  ADD PRIMARY KEY (`ID`);

--
-- AUTO_INCREMENT de las tablas volcadas
--

--
-- AUTO_INCREMENT de la tabla `MUTUAL_DETALLE_DOMINIO`
--
ALTER TABLE `MUTUAL_DETALLE_DOMINIO`
  MODIFY `ID_MUTUAL_DETALLE_DOMINIO` int(11) NOT NULL AUTO_INCREMENT, AUTO_INCREMENT=65;

--
-- AUTO_INCREMENT de la tabla `MUTUAL_DETALLE_EVALUACION_DIARIA`
--
ALTER TABLE `MUTUAL_DETALLE_EVALUACION_DIARIA`
  MODIFY `ID_DETALLE_DIARIA` int(11) NOT NULL AUTO_INCREMENT, AUTO_INCREMENT=82;

--
-- AUTO_INCREMENT de la tabla `MUTUAL_DETALLE_PARTE`
--
ALTER TABLE `MUTUAL_DETALLE_PARTE`
  MODIFY `ID_MUTUAL_DETALLE_PARTE` int(11) NOT NULL AUTO_INCREMENT, AUTO_INCREMENT=29;

--
-- AUTO_INCREMENT de la tabla `MUTUAL_DOMINIO`
--
ALTER TABLE `MUTUAL_DOMINIO`
  MODIFY `ID_DOMINIO` int(11) NOT NULL AUTO_INCREMENT, AUTO_INCREMENT=43;

--
-- AUTO_INCREMENT de la tabla `MUTUAL_EVALUACION`
--
ALTER TABLE `MUTUAL_EVALUACION`
  MODIFY `ID_EVALUACION` int(11) NOT NULL AUTO_INCREMENT, AUTO_INCREMENT=21;

--
-- AUTO_INCREMENT de la tabla `MUTUAL_EVALUACION_DIARIA`
--
ALTER TABLE `MUTUAL_EVALUACION_DIARIA`
  MODIFY `ID_EVALUACION_DIARIA` int(11) NOT NULL AUTO_INCREMENT, AUTO_INCREMENT=43;

--
-- AUTO_INCREMENT de la tabla `MUTUAL_PARTE`
--
ALTER TABLE `MUTUAL_PARTE`
  MODIFY `ID_PARTE` int(11) NOT NULL AUTO_INCREMENT, AUTO_INCREMENT=8;

--
-- AUTO_INCREMENT de la tabla `MUTUAL_TRABAJADORES`
--
ALTER TABLE `MUTUAL_TRABAJADORES`
  MODIFY `ID_TRABAJADOR` int(11) NOT NULL AUTO_INCREMENT, AUTO_INCREMENT=37;

--
-- AUTO_INCREMENT de la tabla `MUTUAL_USUARIOS`
--
ALTER TABLE `MUTUAL_USUARIOS`
  MODIFY `ID_USUARIO` int(11) NOT NULL AUTO_INCREMENT, AUTO_INCREMENT=7;

--
-- AUTO_INCREMENT de la tabla `PLANOS_ENTREGA_DTL`
--
ALTER TABLE `PLANOS_ENTREGA_DTL`
  MODIFY `ID_ENTREGA_DETALLE` int(11) NOT NULL AUTO_INCREMENT, AUTO_INCREMENT=81;

--
-- AUTO_INCREMENT de la tabla `PLANOS_ENTREGA_HDR`
--
ALTER TABLE `PLANOS_ENTREGA_HDR`
  MODIFY `ID_ENTREGA` int(11) NOT NULL AUTO_INCREMENT, AUTO_INCREMENT=53;

--
-- AUTO_INCREMENT de la tabla `REGISTRO_ACTIVIDAD`
--
ALTER TABLE `REGISTRO_ACTIVIDAD`
  MODIFY `ID` int(11) NOT NULL AUTO_INCREMENT, AUTO_INCREMENT=756;

--
-- Restricciones para tablas volcadas
--

--
-- Filtros para la tabla `MUTUAL_DETALLE_DOMINIO`
--
ALTER TABLE `MUTUAL_DETALLE_DOMINIO`
  ADD CONSTRAINT `MUTUAL_DETALLE_DOMINIO_ibfk_1` FOREIGN KEY (`ID_MUTUAL_DETALLE_PARTE`) REFERENCES `MUTUAL_DETALLE_PARTE` (`ID_MUTUAL_DETALLE_PARTE`) ON DELETE CASCADE,
  ADD CONSTRAINT `MUTUAL_DETALLE_DOMINIO_ibfk_2` FOREIGN KEY (`ID_MUTUAL_DOMINIO`) REFERENCES `MUTUAL_DOMINIO` (`ID_DOMINIO`) ON DELETE CASCADE;

--
-- Filtros para la tabla `MUTUAL_DETALLE_EVALUACION_DIARIA`
--
ALTER TABLE `MUTUAL_DETALLE_EVALUACION_DIARIA`
  ADD CONSTRAINT `fk_evaluacion` FOREIGN KEY (`ID_EVALUACION_DIARIA`) REFERENCES `MUTUAL_EVALUACION_DIARIA` (`ID_EVALUACION_DIARIA`) ON DELETE CASCADE;

--
-- Filtros para la tabla `MUTUAL_DETALLE_PARTE`
--
ALTER TABLE `MUTUAL_DETALLE_PARTE`
  ADD CONSTRAINT `MUTUAL_DETALLE_PARTE_ibfk_1` FOREIGN KEY (`ID_EVALUACION`) REFERENCES `MUTUAL_EVALUACION` (`ID_EVALUACION`) ON DELETE CASCADE,
  ADD CONSTRAINT `MUTUAL_DETALLE_PARTE_ibfk_2` FOREIGN KEY (`ID_MUTUAL_PARTE`) REFERENCES `MUTUAL_PARTE` (`ID_PARTE`) ON DELETE CASCADE;

--
-- Filtros para la tabla `MUTUAL_DOMINIO`
--
ALTER TABLE `MUTUAL_DOMINIO`
  ADD CONSTRAINT `MUTUAL_DOMINIO_ibfk_1` FOREIGN KEY (`ID_PARTE`) REFERENCES `MUTUAL_PARTE` (`ID_PARTE`) ON DELETE CASCADE;

--
-- Filtros para la tabla `MUTUAL_EVALUACION`
--
ALTER TABLE `MUTUAL_EVALUACION`
  ADD CONSTRAINT `MUTUAL_EVALUACION_ibfk_1` FOREIGN KEY (`ID_USUARIO`) REFERENCES `MUTUAL_USUARIOS` (`ID_USUARIO`) ON DELETE CASCADE,
  ADD CONSTRAINT `fk_evaluaciones_usuario_mov` FOREIGN KEY (`ID_USUARIO_MOV`) REFERENCES `MUTUAL_USUARIOS` (`ID_USUARIO`) ON DELETE CASCADE;

--
-- Filtros para la tabla `MUTUAL_EVALUACION_DIARIA`
--
ALTER TABLE `MUTUAL_EVALUACION_DIARIA`
  ADD CONSTRAINT `FK_ID_USUARIO` FOREIGN KEY (`ID_USUARIO`) REFERENCES `MUTUAL_USUARIOS` (`ID_USUARIO`) ON DELETE CASCADE;

--
-- Filtros para la tabla `MUTUAL_TRABAJADORES`
--
ALTER TABLE `MUTUAL_TRABAJADORES`
  ADD CONSTRAINT `ID_USUARIO` FOREIGN KEY (`ID_USUARIO`) REFERENCES `MUTUAL_USUARIOS` (`ID_USUARIO`) ON DELETE CASCADE;

--
-- Filtros para la tabla `PLANOS_ENTREGA_DTL`
--
ALTER TABLE `PLANOS_ENTREGA_DTL`
  ADD CONSTRAINT `PLANOS_ENTREGA_DTL_ibfk_1` FOREIGN KEY (`ID_ENTREGA`) REFERENCES `PLANOS_ENTREGA_HDR` (`ID_ENTREGA`) ON DELETE CASCADE,
  ADD CONSTRAINT `PLANOS_ENTREGA_DTL_ibfk_2` FOREIGN KEY (`CLAVE`) REFERENCES `PLANOS` (`CLAVE`);

--
-- Filtros para la tabla `PLANOS_ENTREGA_HDR`
--
ALTER TABLE `PLANOS_ENTREGA_HDR`
  ADD CONSTRAINT `PLANOS_ENTREGA_HDR_ibfk_1` FOREIGN KEY (`FOLIO_USUARIO_ENTREGA`) REFERENCES `PLANOS_USUARIOS` (`FOLIO_USUARIO`),
  ADD CONSTRAINT `PLANOS_ENTREGA_HDR_ibfk_2` FOREIGN KEY (`FOLIO_USUARIO_RECIBE`) REFERENCES `PLANOS_USUARIOS` (`FOLIO_USUARIO`);
COMMIT;

